 n(w) = 2*w**3 + 3*w**2 + 3*w + 7. Let c(h) = h**3 + h**2 + h + 4. Let g(m) = 5*c(m) - 3*n(m). Let z be g(-2). Give l(z).
4
Let t(d) = 2*d**3 - 6*d**2 + 2*d. Let g(m) = -3*m**3 + 10*m**2 - 4*m - 2. Let a(v) = 3*g(v) + 5*t(v). Determine a(0).
-6
Let a be (-3)/2*4/(-2). Let v(b) = -2*b**2 + b - b + 4*b - 2 - 2. What is v(a)?
-10
Let d(f) = 14*f + 38. Let i(p) = -6*p - 15. Let o(c) = 2*d(c) + 5*i(c). Let v = -1 - 1. Give o(v).
5
Let h(t) = -2*t + 24. Let w(g) = -g + 11. Let z(r) = 4*h(r) - 9*w(r). Calculate z(-7).
-10
Suppose 0 = 5*p - 11 - 44. Let g(l) = 7*l + p*l**2 - 3*l**2 + 7 - 4*l**2 - 3*l**2. Calculate g(-5).
-3
Suppose -5*l + 206 = 206. Let q(k) = -k - 3. Let c be q(-7). Suppose l = 5*g - 34 + c. Let o(a) = -a**2 + 7*a - 3. Calculate o(g).
3
Let m(n) = 9*n - 26. Let q(i) = 38*i - 103. Let a(t) = 13*m(t) - 3*q(t). Calculate a(10).
1
Suppose 2*h + 3*q - 22 = 0, -2*q - 3*q + 25 = h. Let w(t) = 3*t**3 + 6*t - h*t - 6*t**3 + 4*t**3. Determine w(0).
0
Let f = 69 - 141. Let w be (-128)/f - ((-24)/27)/4. Let a(p) = -p + 1. Let h(n) = -n**3 + 2*n**2 + 7*n - 8. Let z(t) = 5*a(t) + h(t). What is z(w)?
1
Suppose 18*o = 19*o. Let c(q) be the third derivative of 1/30*q**5 + o*q + 0 - 9*q**2 + 2/3*q**3 - 1/120*q**6 - 1/24*q**4. Give c(3).
-8
Let v(t) = -2*t**2 - 4*t + 1. Let p(m) = -8*m**2 - 7*m + 2. Let b(j) = j**2. Let f(i) = -3*b(i) - p(i). Let k(n) = -3*f(n) - 5*v(n). Calculate k(1).
-5
Let x(y) be the third derivative of y**4/12 + 5*y**3/6 - 114*y**2. Determine x(-9).
-13
Let k(l) = 3*l - 2. Suppose -5*z + 9 + 16 = 0. Suppose 2*v + z*x = 43, v + 0*v - 24 = -3*x. Let o = v - 5. What is k(o)?
10
Let d(q) = -6 + 5*q**2 - 2*q**3 + 7*q - 11*q + q**3. Determine d(5).
-26
Let n(a) be the first derivative of -2*a + 1/3*a**3 - a**2 + 29. Determine n(4).
6
Let l(w) = -12*w**3. Let m be 3/((-6)/2) - -4. Suppose -2 = 5*q + m. What is l(q)?
12
Let j(z) = z**3 - 5*z**2 + 4*z - 5. Suppose -2*o - 4 = -3*a, 10*a - 6*a - 32 = -4*o. Determine j(a).
-5
Suppose -4*x - 5*m = -32, m + 3 = 2*x + 1. Let v(p) = 6*p**2 - 7*p**2 + 2*p + 1 + p**2 - p + 3*p**2. Calculate v(x).
31
Let w be 6/45 - (-5230)/150. Let o = w + -29. Let g(q) = 2*q**2 - 12*q + 1. Give g(o).
1
Let w(f) be the first derivative of f**5/60 + f**4/8 + f**2/2 - 2. Let p(b) be the second derivative of w(b). Suppose 6*g - 58*g - 104 = 0. Calculate p(g).
-2
Let c(w) = 10293*w - 2 - 10297*w + 4 + 9*w**2. Calculate c(2).
30
Let w = 26 + -17. Let o(z) = -7*z**2 + z - 7 - w*z + 0*z - z**3. Give o(-6).
5
Let r be 7/((-2)/(-1) + -1). Suppose 2*o + 4*v = r*o - 2, o + v + 5 = 0. Let g(y) be the second derivative of y**4/12 + y**2/2 - 14*y. Determine g(o).
5
Let q(k) = -k**3 + 5*k**2 - 4*k - 1. Let j be 38/(-7) + 44/(-77). Let h be (4/j)/(8/(-36)). Determine q(h).
5
Suppose 0 = -3*r + 4*t - 4, 2*r - 1 = 5*t - 13. Let x(q) = q + 2. Let h(m) = m + 4. Let c(v) = 3*h(v) - 5*x(v). Give c(r).
-6
Let m(j) be the second derivative of 0*j**3 + 0 + 6*j + 1/2*j**2 - 1/12*j**4. Let p(k) = 4*k + 5. Let r(t) = m(t) - p(t). What is r(-4)?
-4
Let h(a) = -5*a**2 + a. Suppose 4*r = 12 - 48. Let s be (6/(-9))/((-6)/r). Calculate h(s).
-6
Let k(a) be the first derivative of -7 + 6*a - a**2 - 1/10*a**5 + 1/6*a**4 + 1/6*a**3. Let p(g) be the first derivative of k(g). Give p(2).
-8
Let d(v) = -1 + 4*v**2 + 3 + 6*v**2 - v**3 + 11*v + 5. Let g be d(11). Let u(x) = -x + 6. Give u(g).
-1
Suppose -4*y + 5*q + 35 = -17, 28 = y - 5*q. Let m = 8 + y. Let x = 16 - m. Let j(h) = h**2 + h - 1. Give j(x).
-1
Let u(m) = -m**2 - 7*m + 1. Let w(i) = -3*i - 6. Let z(x) = 4*x + 5. Let b(g) = -3*w(g) - 2*z(g). Let h be b(-13). What is u(h)?
11
Let z(f) = -f**3 + 9*f**2 - 15*f + 7. Let k be z(7). Let d(y) = y**2 + 14. Determine d(k).
14
Suppose -15 = 4*z - 35. Suppose z*y + 10 = 0, -2*y + 0*y - 79 = -5*i. Suppose 5*x = 5*h + 25, x - i = -2*x + 4*h. Let r(d) = -d**2 + d + 1. Give r(x).
-19
Let s(z) = z**2 + 6*z - 2. Let k(b) = 5*b**3 + 2*b**2 - 1. Let y be k(1). Suppose -3*p - y = -2*p. Let g be 12*(3/p)/1. What is s(g)?
-2
Let y = 51 - 54. Let t(h) = h**3 - 2*h + 4. Calculate t(y).
-17
Let q(y) = y + 12. Let a = -175 - -123. Let w = 52 + a. Determine q(w).
12
Suppose -3*p = 8 - 5. Let d be 5 + (-1 + 1 - 3). Let r(o) = -o - 8*o**3 + o**3 + d*o. What is r(p)?
6
Let n(t) = -t**2 - 5*t + 8. Let o = -68 - -78. Suppose -o = -18*d - 136. Calculate n(d).
-6
Let w = -2310 + 2296. Let r(f) = -f**2 - 16*f + 9. Give r(w).
37
Suppose 14 - 23 = -9*o. Let w(l) = 7*l - 1. What is w(o)?
6
Let g(w) = -12*w - 2. Let q be (-6)/(-12) - (-6)/12. Determine g(q).
-14
Let y(u) = u**2 + 3*u + 3. Let i(v) = -2*v - 12. Let s = -33 - -26. Let o be i(s). Suppose n - 4*d = -14, -6*d + 12 = -o*d. Give y(n).
1
Let y(c) = 3*c + 6. Let d(i) = -10*i - 19. Let a(l) = 2*d(l) + 7*y(l). Let n = 263 - 257. Calculate a(n).
10
Let u(k) be the first derivative of 0*k - k**3 + 1/6*k**4 - 1/2*k**2 + 1. Let j(n) be the second derivative of u(n). Calculate j(4).
10
Let g(d) = d**2 + 4*d + 2. Let w be (-2)/(-8) + (-26)/8 + 1. Let n be (-18 - -20)/(w/5). Determine g(n).
7
Let b(h) be the third derivative of -1/40*h**5 - 1/360*h**6 + 0 - 1/6*h**4 + 0*h - 2*h**2 + 1/3*h**3. Let s(g) be the first derivative of b(g). What is s(-5)?
-14
Let w(f) be the third derivative of -f**5/60 - f**4/12 + f**3/6 - 5*f**2 - 10. Determine w(3).
-14
Let z(h) be the first derivative of h**3/3 + 5*h**2/2 + 9*h - 1. Let t(r) = -r**3 + 12*r**2 + 5095*r - 6 - 5095*r. Let f be t(12). Determine z(f).
15
Let o = -42 + 42. Let k(s) = -15 + 9*s**2 + 16 - 3*s + o*s**2 + 5*s. Let x = -3 - -2. Give k(x).
8
Let b be (1 - 20/12)*-3. Suppose -b*h + h = -3. Let u(i) = -i - 5*i - 7 + h*i. What is u(-5)?
8
Let b(r) be the third derivative of -r**5/60 + 3*r**4/8 + 4*r**3/3 - 15*r**2. Let a(d) = 4*d**2 - 28*d - 24. Let z(h) = -2*a(h) - 7*b(h). Determine z(-6).
-2
Let g(p) be the third derivative of 7*p**4/24 + 17*p**3/2 - 2*p**2 - 6. Give g(-7).
2
Let i be -6*(104/195 + 6/45). Let g(z) be the second derivative of -z**5/20 - z**4/2 - 2*z**3/3 + 5*z**2/2 + 4*z. Give g(i).
-11
Suppose 6*r + 3 = 3*r. Let c = -9 - -12. Let w(k) = -k - 1 - c*k - 3*k. Determine w(r).
6
Let h(w) = -3 + 27 - 3 - w**2 - 9*w - 4 - 10. Determine h(-10).
-3
Let p = 12 + -8. Suppose -2*a - 4 = -p*a. Suppose a*f + z - 21 = -2*z, 5*z - 9 = f. Let l(r) = -r**2 + 7*r - 8. What is l(f)?
-2
Let h(k) = -k**3 + 4*k**2 - 3*k. Let j be h(2). Let d(c) = -6*c + 4*c + j*c - 6 - c. Let s = 11 + -19. Calculate d(s).
2
Suppose -3*p - 6 = -12. Let a(l) = 4*l + 7. Let c(i) = -i - 1. Suppose t + 0*j - 5 = -2*j, 8 = -2*t + 2*j. Let h(v) = t*a(v) - 5*c(v). Give h(p).
0
Suppose 5*m = -0*r - 5*r + 50, 26 = 3*r - m. Suppose 8*d = 11*d + r. Let x(l) = -l**3 - 3*l**2 - 2*l. Determine x(d).
6
Let t(d) = -55*d**2 - d**3 + d - 19*d + 5 - 53*d**2 + 119*d**2 + 0*d**3. Determine t(9).
5
Let v(i) = -3*i**2 - 3*i - 3. Suppose 5*t - 7 = 3. Suppose 8 + t = 2*p. Suppose -p = 4*l + 3. Give v(l).
-9
Let t(d) = -6*d - 4. Let y be t(-1). Let v(g) = 19*g**3 - 1 - 25*g**3 + 2*g**y - 7*g**3. Give v(-1).
14
Let y(f) = -f**3 - 10*f**2 - 2*f - 13. Suppose 0 = 5*r - 5*v + 75, 55 = -3*r + 24*v - 19*v. Calculate y(r).
7
Suppose -n = -0*t + 5*t + 3, 4*n = 4*t + 12. Let w(m) = 1. Let h(a) = -a**3 - 3*a**2 - 3*a + 3. Let g(o) = t*h(o) + 3*w(o). Calculate g(-3).
-9
Suppose -4*d = -0*d + 8. Let l be d/3*(-24)/16. Suppose -4*n + 2*w - 2 = -2*n, -2*n + 3*w + l = 0. Let b(f) = -f**2 - 3*f - 4. Give b(n).
-8
Let d(c) = -c + 0*c + 2*c - 10*c**2 + 9*c**2 + 1. Give d(-5).
-29
Let n(p) = -p**3 + 3*p**2 + p - 2. Let z be n(2). Let a(c) = c**3 - 6*c + 0*c**2 + 0*c**2 - z*c**2. Determine a(5).
-5
Let j(z) = -z**2 + 7*z - 2. Let a(r) = 4*r**2 + 3*r + 2. Let k be a(-1). Calculate j(k).
10
Let i(f) = -125 + 6*f**3 - 127 + 9*f**3 + 253 + 2*f. Give i(-1).
-16
Suppose -l + 22 = -2*s + 7*s, 0 = -4*s - 2*l + 20. Let d(h) be the first derivative of -2*h**3/3 + 5*h**2/2 - 2*h + 1. Calculate d(s).
-14
Let o(t) be the first derivative of 5*t**2/2 - 4*t - 258. What is o(6)?
26
Let w(z) be the third derivative of z**6/60 + z**5/4 - z**4/3 + 2*z**3/3 + 38*z**2. Let k be w(-8). Let r(y) = y**3 - 3*y**2 - 3*y + 5. What is r(k)?
9
Let j(b) = -b - 10. Let f(i) = -i**3 + 8*i**2 + 10*i - 10. Let p be f(9). Let m = 1 + p. Give j(m).
-10
Let b = 71 + -65. Let f(h) 